{"id":2214,"date":"2021-11-09T11:05:55","date_gmt":"2021-11-09T09:05:55","guid":{"rendered":"http:\/\/planshow.ro\/project\/cabana-de-vanatoare\/"},"modified":"2021-11-13T22:15:38","modified_gmt":"2021-11-13T20:15:38","slug":"cabana-de-vanatoare","status":"publish","type":"project","link":"https:\/\/planshow.ro\/ro\/project\/cabana-de-vanatoare\/","title":{"rendered":"Caban\u0103 de v\u00e2n\u0103toare"},"content":{"rendered":"\nngg_shortcode_0_placeholder\r\n","protected":false},"excerpt":{"rendered":"","protected":false},"author":2,"featured_media":2359,"comment_status":"closed","ping_status":"closed","template":"","meta":{"_acf_changed":false,"_et_pb_use_builder":"","_et_pb_old_content":"","_et_gb_content_width":"","ngg_post_thumbnail":0,"footnotes":""},"project_category":[48],"project_tag":[],"class_list":["post-2214","project","type-project","status-publish","has-post-thumbnail","hentry","project_category-cladiri-turistice"],"acf":[],"_links":{"self":[{"href":"https:\/\/planshow.ro\/ro\/wp-json\/wp\/v2\/project\/2214","targetHints":{"allow":["GET"]}}],"collection":[{"href":"https:\/\/planshow.ro\/ro\/wp-json\/wp\/v2\/project"}],"about":[{"href":"https:\/\/planshow.ro\/ro\/wp-json\/wp\/v2\/types\/project"}],"author":[{"embeddable":true,"href":"https:\/\/planshow.ro\/ro\/wp-json\/wp\/v2\/users\/2"}],"replies":[{"embeddable":true,"href":"https:\/\/planshow.ro\/ro\/wp-json\/wp\/v2\/comments?post=2214"}],"version-history":[{"count":0,"href":"https:\/\/planshow.ro\/ro\/wp-json\/wp\/v2\/project\/2214\/revisions"}],"wp:featuredmedia":[{"embeddable":true,"href":"https:\/\/planshow.ro\/ro\/wp-json\/wp\/v2\/media\/2359"}],"wp:attachment":[{"href":"https:\/\/planshow.ro\/ro\/wp-json\/wp\/v2\/media?parent=2214"}],"wp:term":[{"taxonomy":"project_category","embeddable":true,"href":"https:\/\/planshow.ro\/ro\/wp-json\/wp\/v2\/project_category?post=2214"},{"taxonomy":"project_tag","embeddable":true,"href":"https:\/\/planshow.ro\/ro\/wp-json\/wp\/v2\/project_tag?post=2214"}],"curies":[{"name":"wp","href":"https:\/\/api.w.org\/{rel}","templated":true}]}}

Cabană de vânătoare
